e of -10 + 0 - (-1 - 0)?
-9
(-1 - 1) + 3 + 1 + 1
3
-5 + -6 + -25 + 65
29
What is the value of (0 - 0) + -9 - (439 + -418) - -9?
-21
What is 21 - 2 - (-2 + 5 + (4 - 7))?
19
30 + -50 + 27 + 18
25
What is the value of -16 + -5 + 41 + 5?
25
What is the value of -9 + -12 - (-40 + 9)?
10
Evaluate (5 - 51 - -7) + 15 + -11 + -1.
-36
What is the value of 3 + 6 + 10 - 13?
6
Evaluate (13 - (3 - (-5 + 5))) + (-20 - -45).
35
Evaluate 28 - (53 - -25 - 26).
-24
What is 316 + -309 + (-21 - 1)?
-15
Evaluate (-6 - -6) + -7 + (-16 - 15 - -14).
-24
Evaluate 289 + -293 - (-10 - 0).
6
2 - (-4 + 17 + -8 + -28)
25
-2 + -1 + 27 + -14 + -76 + 93
27
7 + -32 - (4 - 11)
-18
Evaluate (-18 - (-15 + 15) - -4) + -7.
-21
8 + (23 + -5 - 17)
9
Evaluate 19 + -10 + 1 - (6 - (1 - 0)).
5
What is -19 + 5 + (4 - 19 - 2)?
-31
-4 + 17 - (-31 + 33)
11
Evaluate -3 + (-3 - (4 + (-16 - -28))).
-22
What is the value of 6 + -10 + (-17 + 5 - -6 - -5)?
-5
-14 + 4 + (-1 + (-1 - -3) - 3)
-12
Evaluate -35 - -44 - 14 - (0 - 23).
18
(-15 - -17 - (-3 + 2)) + -10
-7
What is the value of -10 + -16 + 25 + 2?
1
Evaluate 15 - (3 - (-7 + -13)) - 19.
-27
(-1 - (-5 + -1)) + (33 - (17 + 19))
2
What is 2 + 2 + 6 - (-11 - 14 - -23)?
12
2 - 7 - 14 - -25
6
Calculate 1 + -3 + 5 + -5 + -10.
-12
What is the value of 21 - (9 + -1 + 7)?
6
33 + -42 + 42 + -15
18
What is the value of -5 + (0 + 3 - (-117 + 134))?
-19
Evaluate 7 + (20 - -4) - (57 - 55).
29
Evaluate 4 - (-18 - 14) - 26.
10
What is 4 - (7 + (-11 - (-5 + 1)))?
4
Evaluate -250 + 249 + (-28 - (0 + 2 - 2)).
-29
Evaluate -8 + -2 - (0 - ((-16 - -12) + 3)).
-11
(102 - 57) + -51 - (0 + (-1 - -6))
-11
-19 + (12 - ((8 - -5) + -8))
-12
Calculate 15 + (13 - 1 - (299 - 284)).
12
What is the value of 7 + -5 + (6 - (-1 + 4))?
5
4 + (-7 - -1) + -5 - -12
5
3 + -22 + 0 + 27
8
What is the value of (1 - ((-8 - -4) + -2)) + 9 + 8?
24
What is the value of (-1 + -9 + -1 - -6) + 31?
26
12 - (-9 - ((2 - 13 - -2) + 9))
21
15 - -2 - (57 - 37)
-3
Evaluate -36 - (38 + -48) - -45.
19
What is the value of 2 - (-18 - -1) - (4 + -17 + 5)?
27
Evaluate 6 - (-36 - (-1 + 10 + -10 + -9)).
32
(20 - 1) + (-182 - -156)
-7
Calculate 1 + (3 + (6 - 4) - (46 - 32)).
-8
Evaluate -27 - -24 - (-6 - -15).
-12
What is the value of 1 + 0 - (13 + 8 + -12)?
-8
-26 + (-14 - (-11 - 18 - -4))
-15
What is (11 + -6 - (4 - 2)) + -5?
-2
Calculate -8 + -3 + 3 - -1.
-7
What is 8 + 23 + -15 + -3 + 11?
24
What is 195 - 195 - (0 + 14 + -3 - 3)?
-8
What is the value of 11 + (8 - 5 - 8) + -3?
3
Calculate -3 - 6 - (19 - 3 - 14).
-11
What is -4 + (5 - 4) - (-2 - (-16 - -5))?
-12
Calculate -2 + -2 - (-4 - 1 - -7).
-6
What is the value of 7 - 1 - (114 + -103)?
-5
Calculate (-1 - (18 + -42)) + -14.
9
(2 - -4) + 34 + -48 + 13
5
Evaluate (-8 - 2) + (3 - (-1 + -1)) + -5.
-10
Calculate 0 - (6 + 0 + 2).
-8
What is the value of (43 - 51) + (12 - 19)?
-15
What is the value of -3 - (-11 - (4 + (8 - 14)))?
6
What is 2 - (-7 + 1 - (192 + -202))?
-2
(-9 + 9 - 0) + (3 - (-3 + 8))
-2
What is -2 + -10 + (17 - (13 - 4))?
-4
-24 + 10 - (-3 - (7 - 6))
-10
Evaluate -2 + (0 - -7) + (4 - (4 + -6)).
11
What is -8 - ((0 - 7) + (-19 - -8))?
10
Evaluate (125 - 130) + 18 + 3.
16
What is the value of (1 - (9 - 2)) + (-5 - -19 - 14)?
-6
What is the value of -37 + (-22 - (-61 + 30))?
-28
Evaluate 0 + -35 + 865 + -846.
-16
Calculate 1 + -6 + -18 + 25 + -6.
-4
Calculate 14 + 7 + (-3 - -6) + 10.
34
2 + 2 - 0 - ((46 - 18) + -18)
-6
What is the value of (1 - -3) + (-16 - -13 - 19 - -25)?
7
What is (14 - 20) + 19 + -13?
0
Evaluate 85 + -74 - ((3 - -31) + -6 + 5).
-22
What is 13 - (7 - -8 - 8)?
6
What is the value of 3 + -2 + (-28 - -17)?
-10
25 - ((19 - 0) + 23)
-17
What is (7 - 6) + (-22 - -4)?
-17
Calculate (17 - 12) + -12 + 13.
6
What is the value of -12 + (-9 - (14 + -32))?
-3
What is the value of -10 + 12 + 7 + (-3 - 24)?
-18
What is the value of (25 - (7 + 6)) + 7?
19
What is the value of 11 + -2 + (-7 - -5)?
7
What is (-93 - -64) + 53 + 1?
25
Calculate -5 + -18 + 5 - ((4 - -1) + -13).
-10
Calculate -27 + (-15 - -47) + 3.
8
2 + -2 + (9 - (5 - -20))
-16
What is 0 + 11 + -9 + (-7 - (9 + -10))?
-4
Calculate -657 + 653 + (2 + -1 - -17).
14
Calculate (3 + 2 - 8) + (-7 - -7) + -4.
-7
What is (-11 - -12) + -6 + 16 + -10?
1
Calculate -52 + 66 + 1 + 1 + -6 + 6.
16
Evaluate -173 - -134 - ((-2 - 6) + -6).
-25
Calculate -36 + (45 - 2 - 18).
-11
What is -17 - ((1 - 5) + (24 - (29 + -14)))?
-22
Evaluate (-7 - -4) + -3 + (9 - 5).
-2
Evaluate -7 + 4 - (-5 + 0 + -3 + 6).
-1
17 + -4 - 11 - 1 - -8
9
Calculate 5 - (-4 + -1 - 1 - (-4 - -2)).
9
Evaluate 6 - -1 - (-1 - -3).
5
Calculate 2 + -2 + (2 + 5 - -4) - 46.
-35
What is the value of -15 + 43 + (-8 - 17)?
3
Evaluate 6 + 9 - 9 - (-3 + 7 - 7).
9
What is the value of (4 - 11) + 32 - (1 - 7)?
31
6 + (3 - 1) + -5 + (7 - -2)
12
Evaluate (-201 - -252) + 4 + -30 + 5.
30
What is the value of -6 + (23 + -5 - 5) - -10?
17
What is the value of 5 + -1 + 5 + -12 - 6?
-9
Calculate -18 - (-11 - -4 - (3 + -3)).
-11
What is the value of -6 - (8 + -3 + -2) - -27?
18
(139 - 128) + (-2 - -1) - 12
-2
What is the value of 5 + -13 + 13 + -4?
1
What is -11 + 20 - (4 - (1 - 16))?
-10
What is (-5 - 22) + (-15 - -38)?
-4
Evaluate (-4 - 5) + 17 + (-16 - -31).
23
Calculate (-180 - -194) + -3 + 2.
13
Evaluate 9 + -10 + 2 + -1 + 2.
2
Evaluate 73 - -6 - 74 - (-1 + 32).
-26
What is the value of 10 + -30 + 20 + -35?
-35
Calculate -20 + -19 + 44 - -17.
22
Evaluate 6 + 13 + -23 + 13.
9
What is -58 - -61 - (3 + -10 - (-1 - 0))?
9
What is the value of -8 - (-5 + -2 + 6) - -6?
-1
(-8 - 7 - -4) + 7 + 2
-2
Evaluate -1 - (-8 + (-1 - -2) + -127 + 121).
12
What is (30 - 54) + (6 - -2) - -5?
-11
Evaluate 10 + 8 + 3 + -32.
-11
What is the value of 165 - 155 - (7 - 0) - 28?
-25
What is the value of -1 - -6 - -1 - 12?
-6
1 + 8 + -2 + (15 - (65 - 7))
-36
What is (10 - -5) + -22 + -5?
-12
Calculate -40 - (-19 - -4 - (-1 - 14)).
-40
What is the value of -12 - ((-45 - -14) + -1 - 1)?
21
Calculate -3 - -10 - (10 - (52 + -25)).
24
Calculate (51 - 32) + -18 - -16.
17
Calculate 3 + -5 + (12 - (-7 - (-7 - -3))).
13
Evaluate -40 - (-15 - (-37 - -40)).
-22
(1 - 29) + 969 + -957
-16
Calculate -9 + (16 - (7 + 6 + -9)).
3
Calculate (6 - 13) + -9 + 15.
-1
Calculate -2 - (2 + -11 + (-230 - -236)).
1
What is (-9 - 23) + (-9 + 5 - -7 - -7)?
-22
What is -7 - (-19 - ((-2 + 17 - 8) + -13))?
6
Calculate -63 + 75 - (37 + (10 - 6)).
-29
Calculate 1 - (-7 - (0 + -1) - (-2 + 5)).
10
What is -1 - (5 - (-2 + 1 - -11))?
4
Evaluate 9 + 3 + -3 + 1 - (1 - 17).
26
Evaluate (38 - 24) + (-1 - 2) + 4 + -4.
11
What is (1503 - 1499) + (1 - 0) + 0 + 3?
8
What is the value of 3 + (1 - 5 - (-48 - -59) - -8)?
-4
0 - ((-7 - -18) + -1)
-10
What is -1 + -6 - (-196 + 194)?
-5
What is the value of (-2 - 0) + 16 - (-35 + (-18 - -49))?
18
What is -11 - (-2 - -1) - (-120 - -189 - 104)?
25
33 + -40 - -10 - (25 - (1 + -3))
-24
Calculate 12 + -12 + 0 + 6 + (4 - 20).
-10
Calculate (0 + -4 - 0) + (-11 - 24 - -49).
10
Evaluate 79 + -78 + (-3 - -2 - 7).
-7
What is the value of -162 + 176 + (1 - (7 - 2))?
10
Evaluate 2 + (-2 - (1 - -8) - (-50 - -55)).
-14
(-11 - -6) + 11 + -6 + 17 - 3
14
Evaluate 11 + (11 - 20) - -24 - (-2 + 5).
23
Calculate 0 + -5 + 4 - -4 - (10 + 2).
-9
What is -10 + 10 - (-8 - 1) - 19?
-10
Calculate 4 + 0 - (-15 - (21 - 41)).
-1
(-57 - (-18 + 4)) + 23
-20
What is -18 + (44 + -42 - -18)?
2
-30 + 52 - (-23 + 23 + (1 - -1))
20
What is -7 + (-2 - -28) + -11 + -10?
-2
What is the value of 3 + (5 - 3) + -6 + 8 + -12?
-5
Evaluate -3 + (85 - 89 - (0 + 5) - -14).
2
-149 - -142 - (-1 - -4)
-10
Evaluate 14 + (18 - 33) + 17.
16
Calculate 21 + (-14 + 1 - 3).
5
What is 28 - (-28 + 15) - 26?
15
Calculate 5 + (8 - (5 - (2 + 0))).
10
Calculate -3 + 3 - (61 - 73).
12
Calculate 10 + 6 + -12 + 5 + 8 - 5.
12
What is 11 - 13 - (-5 + 0 - -14)?
-11
Evaluate 12 - (-18 - (-30 - -13) - (-3 + 1)).
11
What is the value of 1 + 5 - ((2 - 0) + (-114 - -124))?
-6
What is the value of 2 - ((-21 - -13) + 1 + 27)?
-18
0 + (13 - 5 - 22)
-14
Calculate -972 - -981 - (-1 + -2 + 4 + -3).
11
Evaluate (-8 - -17) + 7 + 3 + -10.
9
What is the value of (-6 - -18) + -21 + 8?
-1
74 + (8 - 42) - 23
17
(14 - 4) + (-10 - -4 - -4) + -4
4
What is 12 - (-8 - (9 + -25))?
4
What is (-8 - -22) + (-48 - -18 - -18)?
2
What is -1061 + 1075 + 0 + -4?
10
What is th